 = -4*v + d + 30. Let j(h) = -h**2 + 9*h - 9. Let k be j(v). Suppose -95 = -5*i + a, a - k*a = 0. List the prime factors of i.
19
Let r(t) = 25*t**3 + t**2 - 10*t + 15. Let c be r(2). Let f = c + 558. List the prime factors of f.
757
Let g = -8986 - -19098. List the prime factors of g.
2, 79
List the prime factors of 507/(-4)*(-4256)/84.
2, 13, 19
Suppose 127 = 9*g + 325. What are the prime factors of 70/g + 3 - (-17868)/22?
2, 7, 29
Suppose 28 = 3*a - 2*l - 34, 2*l + 102 = 5*a. Let f = 130 - a. What are the prime factors of f?
2, 5, 11
Suppose z + 0*c = 3*c - 10, -3*c = 5*z + 68. List the prime factors of (-17 - z)*3158/(-8).
1579
Suppose 4*c + 4*d = 6112, -4*c = -2*d - 2*d - 6144. List the prime factors of c.
2, 383
Let l be 2/2*(-114)/2*-1. Suppose -4*k + 4 = 0, -3*m - 5*k + l = -m. Suppose 4*v - m = 22. List the prime factors of v.
2, 3
Let t(l) = 12*l**2 + 383*l + 195. List the prime factors of t(-38).
2969
Suppose -9*x + 35 = -2*x. Suppose -x*c + 813 = -562. What are the prime factors of c?
5, 11
Suppose 7552 - 401902 + 59690 = -580*z. List the prime factors of z.
577
Let v = -138 - -158. Let s be (v + -34)*(-1)/((-14)/(-48)). List the prime factors of 817/4 - 12/s.
2, 3, 17
Let i = 24 + -20. Suppose 5*n = -0*b - b + 17, -i*b - 1 = -3*n. Suppose j - 60 = -4*d, d + b*d - 125 = -2*j. List the prime factors of j.
2
Let j(p) = -55 - 9 + 18 - 13*p. Let a(k) = -7*k - 23. Let r(z) = 7*a(z) - 3*j(z). List the prime factors of r(-10).
7, 11
Suppose 0 = -o + 3*f + 20685, 61*f = 62*f - 5. What are the prime factors of o?
2, 3, 5, 23
Suppose -4*o - 3*m + 1965 = -0*o, 2*m + 1478 = 3*o. Suppose 0 = 4*i + 3*w - o, 5*w = -13 - 7. What are the prime factors of i?
2, 3, 7
Let o(l) = -5*l**3 - 3*l**2 + 4*l + 8. Let j be o(-3). Suppose 0 = -n + 4*k - 6*k - j, -316 = 3*n + 5*k. List the prime factors of 2/(-2) - n/2.
5, 11
List the prime factors of (4/(-14) - 22/(-28))/((-26)/(-129636)).
3, 277
Let y = 20770 - 14428. List the prime factors of y.
2, 3, 7, 151
Let g(m) = 2*m**3 + 98*m**2 + 28*m + 111. What are the prime factors of g(-47)?
13, 587
Let u(t) = 28*t**2 - 39*t - 1493. List the prime factors of u(-16).
6299
Suppose -2*r = -h - 15745, -1094 - 6771 = -r - h. List the prime factors of r.
2, 5, 787
What are the prime factors of 118/59*1048*2/2?
2, 131
Let s(g) = -g**3 - 9*g**2 - 19*g - 24. Let j be s(-7). Suppose -j*x = -12*x + 137. What are the prime factors of x?
137
Suppose 32*k = 75160 - 7928. What are the prime factors of k?
11, 191
Suppose -3*d + 2*k = -16, 4*k + k = -2*d - 21. Let p(j) = 13*j**d + j**3 - 7*j + 23*j - j**2 + 0*j**3 + 11. What are the prime factors of p(-10)?
3, 17
Let h be -1 - (1310/(-4))/((-8)/16). Let y = 2043 + h. What are the prime factors of y?
19, 73
Let a(r) = r**3 + 33*r**2 - 8*r + 52. Suppose b + 24 = -3*l, -4*l = -2*b + 3*b + 21. What are the prime factors of a(b)?
2, 79
Let b(o) be the third derivative of -o**3 + 1/10*o**5 + 0*o - 17/24*o**4 + 1/120*o**6 + 17*o**2 + 0. What are the prime factors of b(-7)?
2
Let x = 8191 - 5659. What are the prime factors of x?
2, 3, 211
Let a = -72 - -77. Let v = -454 - -844. Suppose -25 = a*n - v. List the prime factors of n.
73
Let r(k) be the second derivative of k**4/6 - k**3/2 + 19*k**2 - 16*k - 2. List the prime factors of r(20).
2, 389
Suppose 141265 = 5*r + 5*v, 4*v = 16*r - 15*r - 28258. List the prime factors of r.
2, 3, 17, 277
Suppose -n + 8 = -4*p, 0*p + p = 3. Let a = 23 - n. Suppose -4*d = 3*l - 368, -a*l - d = -4*l + 132. What are the prime factors of l?
2
Suppose 11*s - 318 - 89 = 0. List the prime factors of s + (-2)/(0 + -2).
2, 19
Let f be -3*9/((-54)/(-10)). List the prime factors of (-5 - -2) + 342 + f.
2, 167
Suppose 0 = -59*j + 61*j - 21752. Suppose -16*t + 116 = -j. What are the prime factors of t?
3, 229
Let f(g) be the second derivative of g**3/6 + 7*g**2 + 19*g. Let i be f(-12). List the prime factors of i/(8/282) - (-1)/(-2).
2, 5, 7
Suppose 5*u = -2*x + 219, -5*u + 585 = 5*x - 0*x. Let n = -119 + x. Suppose -n*v = 6, 5*r = 5*v + 322 + 303. What are the prime factors of r?
3, 41
Let x = -20337 - -28998. What are the prime factors of x?
3, 2887
Suppose -2 = 8*c + 22. Let f be c - ((-3)/6*-8 - -274). List the prime factors of ((-6)/4 + 2)*(5 - f).
11, 13
What are the prime factors of (2688/10)/(0 - 27/(-2790))?
2, 7, 31
Let g(f) = f**3 + 67*f**2 + 30*f + 265. List the prime factors of g(-21).
11, 1811
Let k be 1/(-1) + 21/7. Suppose t - k = -f, 8*f - 3*f = -10. Suppose t*v + 0*v - 532 = -4*u, 121 = v - 2*u. List the prime factors of v.
3, 43
Let j be 38/(4 + (-190)/48). Suppose 0 = 3*s + s + 2*o - j, -3*o - 6 = 0. Suppose 4*i = 4, 4*n - n - 5*i = s. List the prime factors of n.
2, 3, 13
Let y = 34086 + -8396. What are the prime factors of y?
2, 5, 7, 367
Let g be ((-2)/(4/82))/((-30)/300). Let c = g + 155. List the prime factors of c.
5, 113
Suppose 27*p + 10 = 29*p + 4*a, 4*p - 35 = -5*a. Let s(b) = 30*b - 138. What are the prime factors of s(p)?
2, 3, 13
Let t = -1687 - -2915. Let m = -471 + t. List the prime factors of m.
757
Let v = 25886 - 16556. Suppose -11*w = 2752 - v. List the prime factors of w.
2, 13, 23
Let b be -1 + (-7 + 4 - -9). Let o(f) = 7*f**3 - 3*f**2 - 11*f + 37. List the prime factors of o(b).
2, 17, 23
Let b(p) = 49*p**3 - 9*p**2 - 3*p + 3. Let n be b(3). What are the prime factors of (32/(-12))/((-8)/n)?
2, 103
Let w = -525 - -1139. Let n = w + -96. List the prime factors of n.
2, 7, 37
Suppose -5*b - 4*w - 80 = 0, -3*w - 8 = -2*b - 17. List the prime factors of 4/b + (-3)/(18/(-6224)).
17, 61
Suppose 0 = -5*n - 11 + 11. Suppose 248*j - 249*j + 399 = n. List the prime factors of j.
3, 7, 19
Let z = 125 + 23078. What are the prime factors of z?
23203
Suppose -2*h - 28161 = -3*a, a + 2*h = 1778 + 7625. What are the prime factors of a?
9391
Suppose -112*w = -0*w - 2165184. What are the prime factors of w?
2, 3, 179
What are the prime factors of (14124/24 + -30)/((-2)/(48/(-2)))?
2, 3, 1117
Suppose 3*m = -4*d + 18223, 4*d + 67*m - 63*m = 18224. What are the prime factors of d?
5, 911
Suppose -20*r - 41747 = 22759 - 340266. List the prime factors of r.
2, 3, 383
What are the prime factors of (5 + 1)/(20315/(-4065) - -5)?
3, 271
Let n be (2/4)/((-1)/(-56)). Let r(c) = c**2 - 7*c + 8. Let z be r(6). Suppose -6*v + n = -z*v. What are the prime factors of v?
7
Let o(u) = 38*u**2 + 48*u + 74. List the prime factors of o(19).
2, 919
Suppose -7*l + 3*l - 40 = 0. Let h(w) = -56*w + 21. List the prime factors of h(l).
7, 83
What are the prime factors of (24 + -18)/((-6)/(-13960))?
2, 5, 349
Let g = -1251 + 6185. List the prime factors of g.
2, 2467
Let n = 15209 - -35405. What are the prime factors of n?
2, 25307
Let k(f) be the second derivative of f**4 - f**3/3 + 5*f**2 + 11*f. List the prime factors of k(4).
2, 97
Let k(w) = 71*w + 129. Let i be (-325)/(-50) - (-1)/(-2). What are the prime factors of k(i)?
3, 5, 37
Let f = -155 - -405. Suppose -y + 998 = f. What are the prime factors of y?
2, 11, 17
Let i = -4275 - -4133. Suppose 2*n = 4*s + 24, -s + 3*n - 3 - 8 = 0. Let c = s - i. What are the prime factors of c?
137
Let u = 92 + 162. Suppose -4*w - 478 = 2*x, 2*x = -4*w + x - 481. Let f = w + u. List the prime factors of f.
7, 19
Suppose 15*z + 133297 = 32*z. What are the prime factors of z?
7841
Let m = -356 + 381. Suppose 7*c - m*c = -2898. List the prime factors of c.
7, 23
Let c = 18376 - 9038. Suppose 3*f - c + 2426 = 0. Suppose -y - f = -13*y. List the prime factors of y.
2, 3
Suppose 4*z = -i + 3359, -5*i = 4*z - 14332 - 2415. Let t = i - 2039. List the prime factors of t.
2, 3, 109
Suppose -3*x + 744 = -5*x. Let p = x - -745. Suppose 0 = -5*f - 2*m + 889, 2*f - p = -0*f + 5*m. List the prime factors of f.
179
Suppose 3*n + 27371 = -87*x + 88*x, -5*n + 136855 = 5*x. What are the prime factors of x?
101, 271
Let o be 1 + 6 + -4 + -1190. Let x = 1873 + o. List the prime factors of x.
2, 7
Let p(y) = 81*y**2 - 40*y + 37. List the prime factors of p(-9).
2, 7, 71
Suppose -19*v = -8*v + 17292. What are the prime factors of (-2)/(v/1564 - 3/(-3))?
17, 23
Let p be 4*(-3)/(-6)*2*1. Suppose 2*a - 2*n - 202 = 0, -3*n - 410 = -p*a - n. List the prime factors of a.
2, 13
What are the prime factors of 6*(4 + (-3903)/(-6))?
3, 7, 11, 17
Let z = 16